e -5*s + w + z = 0. What is the units digit of s?
1
Let m be -2 - -3 - (3 - 3). What is the tens digit of 69 + (0 + 1 - m)?
6
Let w(h) = 3*h**2 - 2*h - 13. Let a(y) = y**2 - 5*y - 11. Let f be a(6). What is the units digit of w(f)?
2
Let t = 43 - -26. Let u be 10/6 + 112/(-24) + 5. Suppose -o - 2*o = -5*r + 156, u*r + o - t = 0. What is the tens digit of r?
3
Suppose 4*i = 6*i - 4. Let v(q) = q**3 - 8*q**2 + 3*q + 24. Let c be v(7). What is the units digit of (14/c)/((-1)/i)?
7
What is the units digit of ((-858)/44)/(1/(-20))?
0
Let z be ((-16)/20)/(2/(-5)). Suppose -z*a = 5*t - 14, a + a - 12 = -4*t. Suppose 0 = q - 3*q + 4*i + 90, -i - 105 = -a*q. What is the units digit of q?
5
Suppose 5*w = 27*w - 36850. What is the hundreds digit of w?
6
Suppose -r + 42 + 13 = 5*n, 2*r = 4*n + 82. Suppose 0 = -3*p - 0*p + r. Suppose -p = -t + 5. What is the units digit of t?
0
Suppose -6 = 4*u + 34. Let h be (-24)/u + 4/(-10). Suppose 4*q - 36 = -h*l + 2*q, -5*l - 4*q + 89 = 0. What is the tens digit of l?
1
Let c(x) = x**2 + 25*x - 93. What is the hundreds digit of c(19)?
7
Suppose 3*d - 12 = 6. Suppose 0 = -2*f - 3*k - 3, -d*k - 12 = -2*k. Suppose -f*j - 42 = -4*q, 4*q + 6 - 38 = -2*j. What is the units digit of q?
9
Suppose 5*h = -b + 384 + 1550, 0 = -3*h + 4*b + 1142. What is the units digit of h?
6
Let h(r) = 10*r**2 - 9*r + 29. What is the units digit of h(4)?
3
Let x = -15 + 13. Let l be (x/(-6))/(2/858). Suppose -4*o + l = 5*q - 0*q, -6 = -2*q. What is the tens digit of o?
3
Let c = 752 + -322. What is the units digit of c?
0
What is the tens digit of (5 - 8) + 16 + 3054?
6
Let c(i) = -i + 2. Let h be c(0). Suppose -3*b - y - 255 = h*b, -5*y = -b - 77. What is the tens digit of (-2036)/b - 4/26?
3
Suppose 3*w - 3*t - 6604 = t, 2*w + t - 4399 = 0. What is the tens digit of w?
0
Let x be (-123)/(-15) - 4/(-5). Let r = 0 - x. Let a(v) = v**2 + 9*v + 3. What is the units digit of a(r)?
3
Let n = 3 + -1. Suppose n*c - 3*r = -2*c + 1, -5*c = r + 13. What is the units digit of (33 + c)*(-4 + 5)?
1
Let h = -14 - -19. Suppose -h*b = 2*w - 66 + 10, -2*b + 44 = 2*w. Let n = 29 - w. What is the tens digit of n?
1
Suppose -123 = -4*u + 2*o + 115, 3*u = -4*o + 151. Let p = 173 - u. What is the units digit of p?
6
Suppose 8*g - 52 - 12 = 0. Suppose g*f + 10 = 3*f, k - 246 = 3*f. What is the tens digit of k?
4
Let m(o) = -o**3 + 21*o**2 - 40*o + 41. What is the units digit of m(16)?
1
Let p = 98 + -193. Suppose j - 115 = 4*f, 0 = -3*f - 0*j - j - 95. Let y = f - p. What is the tens digit of y?
6
Let n(h) = h**3 - 5*h**2 + 3*h + 9. Let p be n(4). Suppose -p*y = -463 + 148. What is the units digit of y?
3
Let b(u) = -u**3 - 20*u**2 + 7. Let x be b(-20). What is the units digit of (418/x - 3) + (-8)/(-28)?
7
Let g(n) = 5 - 6 - 8 + 3*n + 2. Let c be g(3). Suppose s + c*s = 81. What is the units digit of s?
7
Let m be (-6)/(-27)*-3 + (-38)/(-3). Suppose 0*r + r = -5*d + 11, -2*r - d = 5. Let w = r + m. What is the units digit of w?
8
Let w(o) = o**3 + 6*o**2 - 8*o + 8. Let a be w(-7). What is the units digit of a/((-3)/(3 + -12))?
5
Let q(u) = -u**2 - 26*u - 37. What is the units digit of q(-18)?
7
Let r(m) = -5*m + 4 + 4*m**2 - 4 + 1 + 2. Let b be r(6). Let q = -61 + b. What is the tens digit of q?
5
Suppose 2*r = -6*c + 9*c + 1627, -5*r + 4096 = 2*c. What is the tens digit of r?
1
Let v(o) be the first derivative of 25*o**4/4 - o**2 + o - 1. Let q(a) = a**3 + 2*a**2 - 20*a - 24. Let r be q(-5). What is the tens digit of v(r)?
2
Suppose 2*k + 3*j = 485 + 268, -5 = 5*j. What is the tens digit of k?
7
Let x = 2758 + -1068. What is the tens digit of x?
9
Let y = 2 + -4. Let r = -3 - y. What is the units digit of 7 + (0 - r)/(-1)?
6
Suppose -5 = 4*f - 1. What is the units digit of ((-2)/f)/(1/2*1)?
4
Suppose 16*m - 9261 = 14755. What is the hundreds digit of m?
5
Let r(z) = 25*z - 109. What is the hundreds digit of r(16)?
2
Let l(b) = 0*b + 9 - 4*b + 6*b - 3*b. Let k be l(4). Suppose -136 = -k*t - 3*r + 5*r, 2*t = r + 55. What is the tens digit of t?
2
Suppose 8*g - 3*g = 2*k + 10, 0 = 2*g + 5*k - 33. Let d(m) = 51*m - 15. What is the tens digit of d(g)?
8
What is the tens digit of (5*11/(-44))/(3/(-8472))?
3
Suppose 458 + 748 = -2*u. What is the units digit of (2/((-4)/6))/(27/u)?
7
Let i(p) be the second derivative of -p**5/24 - 5*p**4/24 + 7*p**3/6 + 4*p. Let s(a) be the second derivative of i(a). What is the units digit of s(-10)?
5
Let n = -150 + 226. Let g = 165 - n. What is the units digit of g?
9
Let x = 2291 + -1176. What is the thousands digit of x?
1
Let r = 348 - -286. What is the tens digit of r?
3
Let k = -5066 + 7401. What is the thousands digit of k?
2
Let o(y) = -2*y + 1. Let g be o(-4). Suppose 16 = 5*k - g. Suppose -2*s + 42 + 58 = -k*z, 2*s - 84 = -3*z. What is the units digit of s?
5
Let b be ((-12)/(-10))/((-12)/(-40)). Suppose -p - b*p - 140 = 0. What is the units digit of (-3)/4 - 49/p?
1
Let j = -106 + 64. Let b = j - -95. What is the units digit of b?
3
Let w(z) = 3*z**2 + 44*z + 33. Let t be w(-23). Suppose -y - t = -5*y. What is the tens digit of y?
5
Suppose -2*b + 3 = -b. Suppose -b*a - 2*a + 25 = 0. Suppose 0 = -5*l - a*n + 55, l + 1 = 2*n + 6. What is the units digit of l?
9
What is the units digit of (-18)/4*(-17 + -33)?
5
Let g be (24/14)/((-6)/(-294)). Suppose -2 = -x + g. What is the units digit of x?
6
Let l(d) = -d**3 + 32*d**2 + 11*d + 445. What is the thousands digit of l(29)?
3
Let c = 2366 - 1112. What is the hundreds digit of c?
2
Let h = 21 - 55. Let q = h - 4. Let w = -21 - q. What is the units digit of w?
7
Suppose -7 = -2*r - 1. Let a(y) = -y. Let v be a(6). What is the tens digit of (-102)/(r/(v/4))?
5
Let a(s) = -65*s + 90. What is the units digit of a(-35)?
5
Let q be (-2)/(-4)*(-5 + 201). Suppose q = 5*y - 3*y. Let r = -17 + y. What is the tens digit of r?
3
Suppose 2*q + q = 255. Suppose -3*z - 16 = -q. Let i = z - 4. What is the tens digit of i?
1
Suppose l - 4436 = 41*x - 38*x, 0 = -4*l + 5*x + 17737. What is the hundreds digit of l?
4
Suppose -14 = -2*o + 5*f, -3*o + 6 = -3*f - 6. Suppose -g - 39 = -v, 2*g + 20 = -o*g. What is the tens digit of v?
3
Suppose 76 = b - 59. What is the hundreds digit of b?
1
Suppose 56*l + 7115 = 35675. What is the units digit of l?
0
Suppose 93389 - 1024 = 29*f. What is the units digit of f?
5
Let j be (-8)/(-12) - 7/(-3). Suppose g + j*g - 136 = 0. Let o = -4 + g. What is the tens digit of o?
3
Let p(u) = 47*u**2 + 66*u - 47. What is the thousands digit of p(-12)?
5
What is the tens digit of (-20)/25*10180/(-8)?
1
Let t(j) = -j**3 - 4*j**2 - 3*j + 3. Let v be t(-4). Suppose -2*k = -2*m - 70, -k + 3*m + v = 7*m. Let y = k + -5. What is the units digit of y?
6
Suppose 39*v - 28843 = -3493. What is the units digit of v?
0
Let l be 3/(-9*1/(-12)). Let c be -4 + l + 2 + 0. Suppose -c*x = -5*b + 165, -x - 2*x = 15. What is the units digit of b?
1
Let d = -213 - -345. What is the hundreds digit of d?
1
Let q be (-5)/5 - (-194)/(-2). Let t be (24/(-1))/(21/q). Suppose p + t = 4*w, -3*w + 0*w + 71 = -4*p. What is the units digit of w?
9
Let m(b) = -b**3. Let n be m(0). Let j = -534 - -578. Let l = j + n. What is the tens digit of l?
4
Let d = 52 - 49. Suppose 0*i = i - 2, 0 = -d*b + 3*i + 234. What is the tens digit of b?
8
What is the tens digit of (8 + -11 - 1) + 4306?
0
Let f = 2121 + -1084. What is the hundreds digit of f?
0
Let l = 3 - -7. Let m be 22/(-1) + (-9)/3. What is the tens digit of (32/(-5))/(l/m)?
1
Let s be 9*(-4 + 44/12). Let h(m) be the first derivative of -m**2 + 5*m + 1. What is the units digit of h(s)?
1
Suppose -5*j - 15 = 0, 1423 = -4*v + 5*v - j. What is the hundreds digit of v?
4
What is the units digit of ((-17)/(-51)*36)/((-2)/(-96))?
6
Let k = 81 - 78. Suppose 5*b = 5*g + 10, 4*g = -b - b - 8. Suppose b = k*n + y - 121 - 46, 83 = 2*n - 5*y. What is the units digit of n?
4
Let g be 1*(1 - 2)/(4/(-48)). Suppose -78 - g = -k. What is the units digit of k?
0
Suppose 2*t + 3*t = 1515. Suppose 4*l + a = 2*a + t, -a - 379 = -5*l. What is the tens digit of l?
7
Suppose -2*r + 3*l - 1106 = -7*r, 4*r + 4*l - 888 = 0. Suppose -i - i + 2*s = -120, s - r = -4*i. What is the units digit of (3/6)/(4/i)?
7
Suppose 6*v - 934 - 2198 = 0. What is the tens digit of v?
2
Suppose 21